base 7) to base 14
-222b2
500917 (base 12) to base 11
780820
124210520 (base 7) to base 5
4011400012
Convert -2191006 (base 11) to base 7.
-44421255
Convert 100122001020021 (base 3) to base 4.
103201220032
What is -562295 (base 14) in base 8?
-13122073
5042442 (base 6) to base 7
2013662
Convert -72332 (base 12) to base 7.
-1160426
Convert 110500554 (base 7) to base 5.
3202011123
What is 17b2b (base 12) in base 4?
20122103
What is 111100202002 (base 3) in base 6?
5345302
Convert -2494774 (base 10) to base 2.
-1001100001000100110110
-5d6b (base 16) to base 6
-302415
What is 11113101 (base 4) in base 3?
1010010200
5243153 (base 7) to base 4
2122130003
Convert -14055125 (base 6) to base 9.
-802388
What is -20151 (base 7) in base 15?
-16ac
What is -24234033 (base 6) in base 14?
-15d64d
What is -32080 (base 9) in base 16?
-52dd
What is -230344 (base 7) in base 10?
-40996
2419a8 (base 11) to base 3
201110122202
-1033221 (base 7) to base 10
-125994
What is -10013322202 (base 4) in base 13?
-2bb055
What is -4031672 (base 8) in base 2?
-100000011001110111010
5b96b (base 13) to base 15
34e3c
Convert -2ab86 (base 14) to base 5.
-11402141
What is 286136 (base 9) in base 3?
22220011020
What is -186752 (base 15) in base 5?
-300430102
-3b4771 (base 12) to base 16
-efe45
Convert -25109b3 (base 12) to base 15.
-97ea30
What is 111020101020 (base 3) in base 2?
111111100110110001
Convert 1467121 (base 8) to base 13.
119aaa
1961d (base 16) to base 2
11001011000011101
Convert -9a169 (base 16) to base 3.
-1012001202202
-153053 (base 10) to base 13
-54884
-2237057 (base 12) to base 14
-c24bab
-c94386 (base 14) to base 9
-13731326
-155743 (base 10) to base 9
-256567
-124333500 (base 6) to base 10
-2454156
7b4d (base 16) to base 8
75515
What is -1261656 (base 8) in base 13?
-c49c1
What is -a5485 (base 12) in base 6?
-4351045
Convert 1415145 (base 8) to base 3.
202022122211
-1241605 (base 7) to base 3
-22012112211
116284 (base 10) to base 15
246c4
What is 552c (base 15) in base 11?
12612
-11247146 (base 8) to base 14
-478ddc
Convert 101022022020001 (base 3) to base 10.
5477869
What is -b44110 (base 13) in base 9?
-7822460
What is b2697 (base 13) in base 7?
2501036
What is -301110322 (base 4) in base 12?
-98b0a
What is 233230230 (base 4) in base 11?
123871
Convert 834817 (base 9) to base 12.
1baa07
Convert -1230422032 (base 5) to base 8.
-13301557
What is -563641 (base 8) in base 3?
-100200010201
What is 457754 (base 11) in base 2?
10110001101001010000
What is a84a32 (base 12) in base 5?
1140200343
What is -87845 (base 11) in base 4?
-133013212
What is -4203131241 (base 5) in base 7?
-133326322
What is -113403053 (base 6) in base 7?
-24054501
What is -3443614 (base 8) in base 5?
-214421240
Convert 2a5b17 (base 16) to base 4.
22211230113
-68741 (base 12) to base 11
-95724
What is 4042a (base 11) in base 2?
1110011011001000
Convert -2b7985 (base 14) to base 12.
-613295
4351a (base 16) to base 11
179191
What is -80a263 (base 12) in base 13?
-554157
Convert -1745542 (base 11) to base 6.
-143313512
Convert 120021103 (base 4) to base 15.
1e484
What is 105303 (base 7) in base 3?
221121120
What is -32b39 (base 13) in base 10?
-91984
Convert 121700 (base 16) to base 8.
4413400
3847304 (base 12) to base 3
202210002122011
Convert -1516252 (base 7) to base 16.
-325c6
What is 732310 (base 11) in base 3?
2012122212012
What is 25250330 (base 6) in base 9?
1472350
Convert c209 (base 16) to base 4.
30020021
What is 11010110000100111 (base 2) in base 8?
326047
-11103131240 (base 5) to base 6
-1112354553
Convert 13232133010 (base 4) to base 16.
1ee7c4
Convert -1202111011 (base 3) to base 12.
-1804a
-670155 (base 9) to base 8
-1415740
Convert -95583 (base 10) to base 8.
-272537
Convert 323202213 (base 4) to base 12.
b9173
Convert 1103213223 (base 4) to base 16.
539eb
-9232 (base 16) to base 3
-1220100011
What is 2109440 (base 11) in base 9?
6884284
Convert -13202323 (base 4) to base 3.
-1120101201
What is 750363 (base 8) in base 4?
331003303
Convert 13134342 (base 5) to base 11.
8a135
What is 113222333 (base 5) in base 14?
d8aa8
What is -131223032113 (base 4) in base 9?
-15566071
-18501a (base 15) to base 14
-22a6cb
What is 333032232 (base 4) in base 11?
167646
Convert 103344344 (base 5) to base 4.
1231312312
110103130330 (base 4) to base 8
24233474
10001011011100 (base 2) to base 15
299e
-248020 (base 11) to base 8
-1374250
524100421 (base 6) to base 8
42723775
-1200001011 (base 3) to base 15
-9ae1
Convert 122111202 (base 4) to base 7.
626334
-2074619 (base 10) to base 5
-1012341434
Convert 2222023221 (base 4) to base 7.
5632155
6131022 (base 8) to base 12
66072a
112464 (base 7) to base 12
b7a0
Convert -3115045 (base 6) to base 9.
-247862
What is 2777417 (base 8) in base 13?
216b03
What is 121602 (base 11) in base 14?
50184
Convert 51313 (base 11) to base 7.
431256
Convert -15446 (base 16) to base 14.
-23a62
Convert 2c3b4b (base 13) to base 10.
1093831
-68c763 (base 13) to base 14
-4892b8
What is -423c92 (base 16) in base 12?
-1554102
What is 9a519 (base 11) in base 4?
203210220
Convert -426078 (base 9) to base 8.
-757503
424544 (base 9) to base 5
31041204
What is -1104103020 (base 5) in base 2?
-1001001100010100100000
Convert 101111001110101001 (base 2) to base 13.
6a089
Convert 66463413 (base 7) to base 16.
576ee5
What is -989969 (base 13) in base 6?
-204551202
Convert 66225 (base 15) to base 10.
324485
1edce7 (base 15) to base 16
171da5
What is 2013e (base 15) in base 16?
18c9e
What is 68ab (base 12) in base 9?
16875
What is -7041b (base 12) in base 6?
-3042435
What is -1174736 (base 8) in base 13?
-b5585
Convert -270263 (base 8) to base 14.
-2657d
What is -33804 (base 13) in base 7?
-536655
Convert 111111010000001000110 (base 2) to base 14.
3bd4a2
What is 20252 (base 15) in base 12?
4aa95
Convert 11420221311 (base 5) to base 2.
110011010010100001010110
41453222 (base 8) to base 3
121120021210120
What is -1b16b (base 12) in base 14?
-107d1
What is 1313310 (base 6) in base 10?
72042
1296343 (base 11) to base 3
11012111020101
-221122220221011 (base 3) to base 11
-777604a
64204323 (base 7) to base 9
11221786
46640405 (base 7) to base 8
17534571
What is -353541 (base 8) in base 7?
-1011550
What is -34a94 (base 11) in base 16?
-c580
-445502 (base 7) to base 15
-1852e
What is 41b86b (base 12) in base 9?
1848482
222333212 (base 4) to base 16
2afe6
-5553bc (base 16) to base 9
-11462688
-1000110001000110010 (base 2) to base 10
-287282
5732480 (base 11) to base 2
100110010001010010111111
352103 (base 8) to base 12
59457
1000010100101100 (base 2) to base 5
2042332
What is -4201421442 (base 5) in base 14?
-12068b2
What is 520cd (base 14) in base 13?
6c016
What is -64aa972 (base 12) in base 5?
-14344343004
What is -156430410 (base 7) in base 4?
-220223102010
What is 2817570 (base 11) in base 15?
65dcea
Convert 185a75 (base 15) to base 14.
22b4b8
Convert 11322323110 (base 5) to base 16.
c7b983
What is 19551 (base 11) in base 9?
41372
-31032303212 (base 4) to base 10
-3468518
1d3191 (base 14) to base 10
1045787
What is 7b762 (base 16) in base 8?
1733542
-1212111200000 (base 3) to base 16
-f2b41
What is 13703451 (base 8) in base 9?
5766621
What is 29433 (base 10) in base 7?
151545
-178484 (base 14) to base 2
-11001010100010010100
Convert 238442 (base 11) to base 12.
162357
Convert -13332320211 (base 4) to base 12.
-84ab99
Convert -2088720 (base 11) to base 4.
-32000123113
-1269315 (base 10) to base 3
-2101111011200
-110111101110111 (base 2) to base 16
-6f77
What is 1340000012 (base 5) in base 3?
20110122101002
What is 8a323 (base 11) in base 8?
377412
Convert 571880 (base 9) to base 3.
122101222200
What is -26336 (base 8) in base 11?
-86a2
5d56e (base 15) to base 6
10220405
What is 825740 (base 9) in base 5?
111133022
Convert 101011001001010111110101 (base 2) to base 3.
210021122012102
Convert -215359 (base 12) to base 4.
-2000302311
-223401 (base 10) to base 15
-462d6
-223475 (base 11) to base 7
-3011510
What is -4332131034 (base 5) in base 3?
-122102012200010
What is 35639 (base 15) in base 14?
4601c
Convert 203233321 (base 4) to base 10.
146425
Convert -15cd0 (base 15) to base 5.
-4223040
What is -2734236 (base 8) in base 3?
-1110000201022
Convert c9a74 (base 13) to base 11.
229773
Convert 13242